{"id":51,"date":"2022-11-23T16:09:14","date_gmt":"2022-11-23T15:09:14","guid":{"rendered":"https:\/\/algo-conference.org\/2023\/?page_id=51"},"modified":"2023-08-03T08:53:13","modified_gmt":"2023-08-03T07:53:13","slug":"ipec","status":"publish","type":"page","link":"https:\/\/algo-conference.org\/2023\/ipec\/","title":{"rendered":"IPEC"},"content":{"rendered":"\n<h3 class=\"wp-block-heading\" id=\"scope\">Scope<\/h3>\n\n\n\n<p>The <strong>International Symposium on Parameterized and Exact Computation<\/strong> <a href=\"http:\/\/fpt.wikidot.com\/ipec\" data-type=\"URL\" data-id=\"http:\/\/fpt.wikidot.com\/ipec\">(IPEC)<\/a> is an annual conference covering all aspects of parameterized and exact algorithms and complexity. Its 18th edition will be part of <a href=\"http:\/\/algo-conference.org\/2023\">ALGO 2023<\/a>, which also hosts <a href=\"https:\/\/algo-conference.org\/2023\/esa\/\" data-type=\"page\" data-id=\"60\">ESA 2023<\/a> and other specialized conferences and workshops. We are excited that <a href=\"http:\/\/algo-conference.org\/2023\" data-type=\"URL\" data-id=\"algo-conference.org\/2023\">ALGO 2023<\/a> is planned as an in-person conference and we look forward to seeing you there!<\/p>\n\n\n\n<h2 class=\"wp-block-heading has-large-font-size\">Important Dates<\/h2>\n\n\n\n<p class=\"has-foreground-color has-text-color\"><\/p>\n\n\n\n<ul>\n<li>Abstract submission \/ paper registration: June 27th (23:59 AoE)<\/li>\n\n\n\n<li>Submission deadline: June 30th (23:59 AoE)<\/li>\n\n\n\n<li>Notification: August 1st<\/li>\n\n\n\n<li>IPEC dates Sept. 6\u20148 (Wed-Fri) <\/li>\n\n\n\n<li>Camera-ready version: Oct. 9th<\/li>\n<\/ul>\n\n\n\n<p>AoE=Anywhere on Earth (UTC-12)<\/p>\n\n\n\n<h4 class=\"wp-block-heading\">Accepted Papers<\/h4>\n\n\n\n<ul>\n<li>Max Bannach, Florian Chudigiewitsch and Till Tantau. <span class=\"title\">Existential Second-Order Logic over Graphs: Parameterized Complexity<\/span><\/li>\n\n<li><a href=\"http:\/\/web.njit.edu\/~ikoutis\">Ioannis Koutis<\/a>, <a href=\"https:\/\/www.mimuw.edu.pl\/~mw277619\/\">Michal Wlodarczyk<\/a> and <a href=\"https:\/\/sites.google.com\/site\/zehavimeirav\/\">Meirav Zehavi<\/a>. <span class=\"title\">Sidestepping Barriers for Dominating Set in Parameterized Complexity<\/span><\/li>\n\n<li><a href=\"https:\/\/sites.google.com\/view\/juhichaudhary\/home\">Juhi Chaudhary<\/a>, <a href=\"https:\/\/sites.google.com\/view\/harmendergahlawat\">Harmender Gahlawat<\/a>, <a href=\"https:\/\/www.mimuw.edu.pl\/~mw277619\/\">Michal Wlodarczyk<\/a> and <a href=\"https:\/\/sites.google.com\/site\/zehavimeirav\/\">Meirav Zehavi<\/a>. <span class=\"title\">Kernels for the Disjoint Paths Problem on Subclasses of Chordal Graphs<\/span><\/li>\n\n<li><a href=\"http:\/\/www.win.tue.nl\/~bjansen\/index.html\">Bart M. P. Jansen<\/a> and Bart van der Steenhoven. <span class=\"title\">Kernelization for Counting Problems on Graphs: Preserving the Number of Minimum Solutions<\/span><\/li>\n\n<li><a href=\"https:\/\/www.ac.tuwien.ac.at\/people\/rganian\/\">Robert Ganian<\/a>, <a href=\"https:\/\/www.ac.tuwien.ac.at\/people\/lkhazaliya\/\">Liana Khazaliya<\/a> and Kirill Simonov. <span class=\"title\">Consistency-Checking Problems: A Gateway to Parameterized Sample Complexity<\/span><\/li>\n\n<li><a href=\"https:\/\/guptasid.bitbucket.io\/\">Siddharth Gupta<\/a>, Guy Saar and <a href=\"https:\/\/sites.google.com\/site\/zehavimeirav\/\">Meirav Zehavi<\/a>. <span class=\"title\">Collective Graph Exploration Parameterized by Vertex Cover<\/span><\/li>\n\n<li><a href=\"https:\/\/guptasid.bitbucket.io\/\">Siddharth Gupta<\/a>, Guy Saar and <a href=\"https:\/\/sites.google.com\/site\/zehavimeirav\/\">Meirav Zehavi<\/a>. <span class=\"title\">Drawn Tree Decomposition: New Approach for Graph Drawing Problems<\/span><\/li>\n\n<li><a href=\"http:\/\/www.cs.uu.nl\/~hansb\">Hans L. Bodlaender<\/a>, Isja Mannens, Jelle Oostveen, <a href=\"http:\/\/www.sites.google.com\/sukanyapandey\">Sukanya Pandey<\/a> and <a href=\"http:\/\/www.erikjanvl.nl\">Erik Jan van Leeuwen<\/a>. <span class=\"title\">The Parameterised Complexity of Integer Multicommodity Flow<\/span><\/li>\n\n<li>Baris Can Esmer, Ariel Kulik, Daniel Marx, Daniel Neuen and Roohani Sharma. <span class=\"title\">Approximate Monotone Local Search for Weighted Problems<\/span><\/li>\n\n<li>Klaus Heeger, Danny Hermelin and Dvir Shabtay. <span class=\"title\">Single Machine Scheduling with Few Deadlines<\/span><\/li>\n\n<li><a href=\"http:\/\/www.cs.uu.nl\/~hansb\">Hans L. Bodlaender<\/a>, \u00c9douard Bonnet, Lars Jaffke, Dusan Knop, <a href=\"http:\/\/itu.dk\/~palt\">Paloma Lima<\/a>, <a href=\"https:\/\/osebje.famnit.upr.si\/~martin.milanic\/\">Martin Milanic<\/a>, Sebastian Ordyniak, <a href=\"http:\/\/www.sites.google.com\/sukanyapandey\">Sukanya Pandey<\/a> and Ondrej Suchy. <span class=\"title\">Treewidth is NP-Complete on Cubic Graphs<\/span><\/li>\n\n<li>Ilan Doron, Ariel Kulik and Hadas Shachnai. <span class=\"title\">Budgeted Matroid Maximization: a Parameterized Viewpoint<\/span><\/li>\n\n<li><a href=\"https:\/\/www.univ-orleans.fr\/lifo\/membres\/dumas\">Ma\u00ebl Dumas<\/a> and <a href=\"http:\/\/www.univ-orleans.fr\/lifo\/membres\/Anthony.Perez\">Anthony Perez<\/a>. <span class=\"title\">An improved kernelization algorithm for Trivially Perfect Editing<\/span><\/li>\n\n<li>Eduard Eiben, <a href=\"https:\/\/www.ac.tuwien.ac.at\/people\/rganian\/\">Robert Ganian<\/a>, <a href=\"http:\/\/facweb.cs.depaul.edu\/ikanj\/\">Iyad Kanj<\/a>, Sebastian Ordyniak and <a href=\"http:\/\/ac.tuwien.ac.at\/people\/szeider\">Stefan Szeider<\/a>. <span class=\"title\">From Data Completion to Problems on Hypercubes: A Parameterized  Analysis of the Independent Set Problem<\/span><\/li>\n\n<li><a href=\"http:\/\/www.win.tue.nl\/~bjansen\/index.html\">Bart M. P. Jansen<\/a> and <a href=\"https:\/\/sites.google.com\/view\/shiveshroy\">Shivesh K. Roy<\/a>. <span class=\"title\">On the Parameterized Complexity of Multiway Near-Separator<\/span><\/li>\n\n<li><a href=\"https:\/\/lars-jaffke.github.io\/\">Lars Jaffke<\/a>, Laure Morelle, <a href=\"http:\/\/www.lirmm.fr\/~sau\">Ignasi Sau<\/a> and <a href=\"https:\/\/www.lirmm.fr\/~thilikosto\/\">Dimitrios M. Thilikos<\/a>. <span class=\"title\">Dynamic programming on bipartite tree decompositions<\/span><\/li>\n\n<li>Stefan Kratsch and Pascal Kunz. <span class=\"title\">Approximate Turing kernelization and lower bounds for domination problems<\/span><\/li>\n\n<li>Riccardo Dondi and Manuel Lafond. <span class=\"title\">An FTP Algorithm for Temporal Graph Untangling<\/span><\/li>\n\n<li><a href=\"http:\/\/www.win.tue.nl\/~bjansen\/index.html\">Bart M. P. Jansen<\/a> and <a href=\"https:\/\/sites.google.com\/view\/shiveshroy\">Shivesh K. Roy<\/a>. <span class=\"title\">Sunflowers Meet Sparsity: A Linear-Vertex Kernel for Weighted $H$-Packing on Sparse Graphs<\/span><\/li>\n\n<li>P\u00e5l Gr\u00f8n\u00e5s Drange, Patrick Greaves, Irene Muzi and Felix Reidl. <span class=\"title\">Computing complexity measures of degenerate graphs<\/span><\/li>\n\n<li><a href=\"https:\/\/emmanuel.arrighi.eu\">Emmanuel Arrighi<\/a>, <a href=\"http:\/\/www.ii.uib.no\/~fomin\/\">Fedor Fomin<\/a>, Petr Golovach and <a href=\"https:\/\/www.wolfp.net\/\">Petra Wolf<\/a>. <span class=\"title\">Kernelizing Temporal Exploration Problems<\/span><\/li>\n\n<li>Tatsuya Gima, Eun Jung Kim, Noleen K\u00f6hler, Nikolaos Melissinos and Manolis Vasilakis. <span class=\"title\">Bandwidth Parameterized by Cluster Vertex Deletion Number<\/span><\/li>\n\n<li>Irene Heinrich and Simon Ra\u00dfmann. <span class=\"title\">Twin-width of graphs with tree-structured decompositions<\/span><\/li>\n\n<li>Timoth\u00e9 Picavet, Mathieu Mari and Micha\u0142 Pilipczuk. <span class=\"title\">A parameterized approximation scheme for the 2D-Knapsack problem with wide items<\/span><\/li>\n\n<li><a href=\"https:\/\/www.konraddabrowski.co.uk\/\">Konrad K. Dabrowski<\/a>, <a href=\"http:\/\/www.ida.liu.se\/~petjo00\">Peter Jonsson<\/a>, Sebastian Ordyniak, <a href=\"https:\/\/gosip.github.io\">George Osipov<\/a>, <a href=\"https:\/\/www.mimuw.edu.pl\/~malcin\/\">Marcin Pilipczuk<\/a> and <a href=\"https:\/\/people.mpi-inf.mpg.de\/~rsharma\/\">Roohani Sharma<\/a>. <span class=\"title\">Parameterized Complexity Classification for Interval Constraints<\/span><\/li>\n\n<li>Matthias Bentert, Jannik Schestag and <a href=\"https:\/\/www.uni-marburg.de\/en\/fb12\/research-groups\/algorith\/frank-sommer\">Frank Sommer<\/a>. <span class=\"title\">On the Complexity of Finding a Sparse Connected Spanning Subgraph in a non-Uniform Failure Model<\/span><\/li>\n\n<li>Mark Jones and Jannik Schestag. <span class=\"title\">How can we Maximize Phylogenetic Diversity? Parameterized Approaches for Networks<\/span><\/li>\n\n<li>Jaroslav Garvardt, Malte Renken, Jannik Schestag and Mathias Weller. <span class=\"title\">Finding Degree-Constrained Acyclic Orientations<\/span><\/li>\n\n<li>Jaroslav Garvardt, Nils Morawietz, <a href=\"http:\/\/www.akt.tu-berlin.de\/menue\/team\/nichterlein-andre\/\">Andr\u00e9 Nichterlein<\/a> and Mathias Weller. <span class=\"title\">Graph Clustering Problems under the Lens of Parameterized Local Search<\/span><\/li>\n\n<li>Guilherme de Castro Mendes Gomes, <a href=\"https:\/\/www.labri.fr\/perso\/clemlegrand\/\">Cl\u00e9ment Legrand-Duchesne<\/a>, Reem Mahmoud, <a href=\"https:\/\/www.aub.edu.lb\/pages\/profile.aspx?MemberId=aa368\">Amer E. Mouawad<\/a>, Yoshio Okamoto, <a href=\"http:\/\/www.dcc.ufmg.br\/~viniciussantos\">Vinicius F. dos Santos<\/a> and <a href=\"https:\/\/www.tomvanderzanden.nl\/\">Tom C. van der Zanden<\/a>. <span class=\"title\">Minimum Separator Reconfiguration<\/span><\/li>\n\n<li><a href=\"http:\/\/perso.ens-lyon.fr\/edouard.bonnet\/\">\u00c9douard Bonnet<\/a> and Julien Duron. <span class=\"title\">Stretch-width<\/span><\/li>\n\n<span class=\"authors\">Hisao Tamaki. <\/span><span class=\"title\">A contraction-recursive algorithm for treewidth<\/span><\/li>\n\n<li><a href=\"https:\/\/emmanuel.arrighi.eu\">Emmanuel Arrighi<\/a>, Matthias Bentert, P\u00e5l Gr\u00f8n\u00e5s Drange, Blair D. Sullivan and <a href=\"https:\/\/wolfp.net\/\">Petra Wolf<\/a>. <span class=\"title\">Cluster Editing with Overlapping Communities<\/span><\/li>\n\n<li><a href=\"http:\/\/skvt14.github.io\">Sriram Bhyravarapu<\/a>, Satyabrata Jana, <a href=\"http:\/\/www.imsc.res.in\/~saket\">Saket Saurabh<\/a> and Roohani Sharma. <span class=\"title\">Difference Determines the Degree: Structural Kernelizations of Component Order Connectivity<\/span><\/body><\/li>\n\n<\/ul>\n\n\n\n<h3 class=\"wp-block-heading\" id=\"cfp\">Call for Papers<\/h3>\n\n\n\n<p>The 18th International Symposium on Parameterized and Exact Computation (IPEC 2023) invites papers presenting original research in the area of parameterized and exact algorithms and complexity.<\/p>\n\n\n\n<h4 class=\"wp-block-heading\" id=\"topics\">Topics<\/h4>\n\n\n\n<p>The topics include but are not limited to:<\/p>\n\n\n\n<ul>\n<li>new techniques for the design and analysis of parameterized and exact algorithms;<\/li>\n\n\n\n<li>fixed-parameter tractability and kernelization results;<\/li>\n\n\n\n<li>parameterized complexity theory;<\/li>\n\n\n\n<li>parameterized (in)approximability results;<\/li>\n\n\n\n<li>relationships between parameterized complexity and traditional complexity classifications;<\/li>\n\n\n\n<li>applications of parameterized and exact computation;<\/li>\n\n\n\n<li>engineering and experimentation of exact, parameterized, and kernelization algorithms.<\/li>\n<\/ul>\n\n\n\n<h4 class=\"wp-block-heading\">PACE 2023<\/h4>\n\n\n\n<p>The Parameterized Algorithms and Computational Experiments Challenge (PACE) was conceived in Fall 2015 to deepen the relationship between parameterized algorithms and practice. Topics from multivariate algorithms, exact algorithms, fine-grained complexity, and related fields are in scope.<\/p>\n\n\n\n<p>The challenge this year is a fascinating new width parameter: twinwidth. It was introduced at FOCS 2020 by Bonnet, Kim, Thomass\u00e9, and Watrigant and has seen an enormous amount of interest in the research community resulting in papers at, e.g., SODA 2021, ICALP 2021, STOC 2022, SODA 2022, and ICALP 2022. Nevertheless, very little is known about practically computing contraction sequences of small width. We hope to remedy this situation in this year\u2019s PACE challenge.<\/p>\n\n\n\n<p>For more details on the timeline and past challenges, please visit the <a href=\"https:\/\/pacechallenge.org\/2023\/\">PACE website<\/a>.<\/p>\n\n\n\n<h4 class=\"wp-block-heading\" id=\"conference\">Conference<\/h4>\n\n\n\n<p>Authors of accepted papers are expected to present their work at the symposium, and to incorporate the comments from the program committee. The conference proceedings will be published in the Leibniz International Proceedings in Informatics (<a rel=\"noreferrer noopener\" href=\"https:\/\/drops.dagstuhl.de\/opus\/institut_lipics.php\" target=\"_blank\">LIPIcs<\/a>) series after the conference. <\/p>\n\n\n\n<h4 class=\"wp-block-heading\" id=\"submission-guidelines\">Submission Guidelines<\/h4>\n\n\n\n<p>Authors are invited to submit an anonymized extended abstract, which should contain a summary of the main results, their motivation and importance, and evidence of their correctness. The authors should take particular notice that the extended abstract presents their work in a comprehensible and self-contained way. The quality of the presentation in the extended abstract will be taken into account by the program committee.<\/p>\n\n\n\n<p>The conference employs a lightweight&nbsp;<strong>double-blind reviewing&nbsp;<\/strong>process. Submissions should not reveal the identity of the authors in any way. In particular, authors\u2019 names, affiliations, and email addresses should not appear at the beginning or in the body of the submission. Authors should ensure that any references to their own related work is in the third person (e.g., not \u201cWe build on our previous work \u2026\u201d but rather \u201cWe build on the work of \u2026\u201d). Nothing should be done in the name of anonymity that weakens the submission or makes the job of reviewing the paper more difficult. In particular, references should not be omitted or anonymized.<\/p>\n\n\n\n<p>Authors must submit their papers electronically&nbsp;via <a href=\"https:\/\/easychair.org\/my\/conference?conf=ipec2023\">EasyChair<\/a>. Papers must be formatted in&nbsp;<a rel=\"noreferrer noopener\" href=\"https:\/\/www.dagstuhl.de\/en\/publications\/lipics\/instructions-for-authors\" target=\"_blank\">LIPIcs style<\/a>; no changes to font size, page margins, etc., are permitted. Line numbers must be activated. There is no page limit for the submission, but the PC may only look at the first 10 pages, so make sure the most important information appears early. Results previously published in conference proceedings or a journal (or scheduled for publication prior to IPEC) will not be considered.<\/p>\n\n\n\n<p>Authors are encouraged to make the full, de-anonymized versions of their submissions freely accessible in an online repository such as&nbsp;<a rel=\"noreferrer noopener\" href=\"https:\/\/arxiv.org\/\" target=\"_blank\">arXiv<\/a>&nbsp;or&nbsp;<a rel=\"noreferrer noopener\" href=\"https:\/\/eccc.weizmann.ac.il\/\" target=\"_blank\">ECCC<\/a>. Program committee members (except the co-chairs) are allowed to submit papers.<\/p>\n\n\n\n<p><strong>Final submission guidelines: <\/strong>The final submission will be made in LIPIcs format, with a higher page limit of 15 pages plus bibliography (no appendix). More details will follow from LIPIcs upon acceptance. The submissions will be published as post-proceedings.<\/p>\n\n\n\n<h4 class=\"wp-block-heading\">Submission link<\/h4>\n\n\n\n<p class=\"has-foreground-color has-text-color\">Submissions via EasyChair: <a href=\"https:\/\/easychair.org\/conferences\/?conf=ipec2023\">https:\/\/easychair.org\/conferences\/?conf=ipec2023<\/a>.<\/p>\n\n\n\n<h4 class=\"wp-block-heading\">Conflicts of Interest<\/h4>\n\n\n\n<p>IPEC takes conflicts of interest, both real and perceived, seriously. Authors are responsible for declaring conflicts of interest with any of the PC members. You have a conflict of interest with:<\/p>\n\n\n\n<ul>\n<li>past advisors and students;<\/li>\n\n\n\n<li>people with the same affiliation; and<\/li>\n\n\n\n<li>any recent (\u22643 years) coauthors and collaborators.<\/li>\n<\/ul>\n\n\n\n<h3 class=\"wp-block-heading\">Committees<\/h3>\n\n\n\n<h4 class=\"wp-block-heading\">Program Committee<\/h4>\n\n\n\n<p class=\"has-foreground-color has-text-color\">Akanksha Agrawal (IIT Madras, India)<br>Cristina Bazgan (Paris Dauphine University, France)<br>Robert Bredereck (TU Clausthal, Germany)<br>Eduard Eiben (Royal Holloway, University of London, UK)<br>Archontia Giannopoulou (University of Athens, Greece)<br>Pallavi Jain (IIT Jodhpur, India)<br>Bart M. P. Jansen (Eindhoven University of Technology, Netherlands)<br>Mark Jones (TU Delft, Netherlands)<br>Christian Knauer (Universit\u00e4t Bayreuth, Germany)<br>Dusan Knop (Czech Technical University, Czech Republic)<br>Bingkai Lin (Nanjing University, China)<br><strong>Neeldhara Misra (IIT Gandhinagar, India) (co-chair)<\/strong><br>Andr\u00e9 Nichterlein (TU Berlin, Germany)<br>Sebastian Ordyniak (University of Leeds, UK)<br>Fahad Panolan (IIT Hydrebad, India)<br>Daniel Paulusma (Durham University, UK)<br>R.B. Sandeep (IIT Dharwad, India)<strong><br>Magnus Wahlstr\u00f6m (Royal Holloway, University of London, UK) (co-chair)<\/strong><\/p>\n\n\n\n<h4 class=\"wp-block-heading\">Steering Committee<\/h4>\n\n\n\n<p><a href=\"https:\/\/t.cs.uni-frankfurt.de\/~dell\/\">Holger Dell<\/a> (2021-24, chair)<br><a href=\"https:\/\/folk.uib.no\/nmiff\/\">Fedor Fomin<\/a> (2021-24)<br><a href=\"https:\/\/www.uib.no\/en\/persons\/Petr.Golovach\">Petr Golovach<\/a> (2020-23)<br><a href=\"https:\/\/www.mimuw.edu.pl\/~kowalik\/\">\u0141ukasz Kowalik<\/a> (2022-25)<a href=\"https:\/\/www.mimuw.edu.pl\/~kowalik\/\"><br><\/a><a href=\"https:\/\/people.mpi-inf.mpg.de\/~dmarx\/\">Daniel Marx<\/a> (2020-23)<a href=\"https:\/\/people.mpi-inf.mpg.de\/~dmarx\/\"><br><\/a><a href=\"https:\/\/neeldhara.com\" data-type=\"URL\" data-id=\"https:\/\/neeldhara.com\">Neeldhara Misra<\/a> (2022-25)<br><a href=\"https:\/\/webspace.science.uu.nl\/~neder003\/\">Jesper Nederlof<\/a> (2021-24)<a href=\"https:\/\/webspace.science.uu.nl\/~neder003\/\"><br><\/a><a href=\"https:\/\/pure.royalholloway.ac.uk\/en\/persons\/magnus-wahlstr\u00f6m\">Magnus Wahlstrom<\/a> (2022-25)<a href=\"https:\/\/pure.royalholloway.ac.uk\/en\/persons\/magnus-wahlstr\u00f6m\"><br><\/a><a href=\"https:\/\/sites.google.com\/site\/zehavimeirav\/\">Meirav Zehavi<\/a> (2020-23)<\/p>\n\n\n\n<p><\/p>\n","protected":false},"excerpt":{"rendered":"<p>Scope The International Symposium on Parameterized and Exact Computation (IPEC) is an annual conference covering all aspects of parameterized and exact algorithms and complexity. Its 18th edition will be part of ALGO 2023, which also hosts ESA 2023 and other specialized conferences and workshops. We are excited that ALGO 2023 is planned as an in-person [&hellip;]<\/p>\n","protected":false},"author":3,"featured_media":0,"parent":0,"menu_order":0,"comment_status":"closed","ping_status":"closed","template":"wp-custom-template-page-1","meta":{"footnotes":""},"_links":{"self":[{"href":"https:\/\/algo-conference.org\/2023\/wp-json\/wp\/v2\/pages\/51"}],"collection":[{"href":"https:\/\/algo-conference.org\/2023\/wp-json\/wp\/v2\/pages"}],"about":[{"href":"https:\/\/algo-conference.org\/2023\/wp-json\/wp\/v2\/types\/page"}],"author":[{"embeddable":true,"href":"https:\/\/algo-conference.org\/2023\/wp-json\/wp\/v2\/users\/3"}],"replies":[{"embeddable":true,"href":"https:\/\/algo-conference.org\/2023\/wp-json\/wp\/v2\/comments?post=51"}],"version-history":[{"count":24,"href":"https:\/\/algo-conference.org\/2023\/wp-json\/wp\/v2\/pages\/51\/revisions"}],"predecessor-version":[{"id":1445,"href":"https:\/\/algo-conference.org\/2023\/wp-json\/wp\/v2\/pages\/51\/revisions\/1445"}],"wp:attachment":[{"href":"https:\/\/algo-conference.org\/2023\/wp-json\/wp\/v2\/media?parent=51"}],"curies":[{"name":"wp","href":"https:\/\/api.w.org\/{rel}","templated":true}]}}